223
What are the prime factors of 563279621?
563279621
List the prime factors of 229799187.
3, 23, 31, 173
What are the prime factors of 435828279?
3, 4153, 34981
What are the prime factors of 3226804927?
2297, 1404791
List the prime factors of 131050312.
2, 139, 117851
What are the prime factors of 307416464?
2, 19213529
List the prime factors of 360371738.
2, 2287, 78787
What are the prime factors of 2293711700?
2, 5, 7, 31, 105701
What are the prime factors of 1140554869?
67, 127, 311, 431
List the prime factors of 2917572859.
173, 2953, 5711
What are the prime factors of 460895660?
2, 5, 23044783
List the prime factors of 60201882.
2, 3, 13, 257273
What are the prime factors of 1089382852?
2, 272345713
List the prime factors of 89603702.
2, 17, 31, 151, 563
List the prime factors of 327740799.
3, 109246933
List the prime factors of 1008367321.
13, 77566717
List the prime factors of 429507513.
3, 41, 1163977
List the prime factors of 851003817.
3, 283667939
List the prime factors of 40011088.
2, 13, 14797
What are the prime factors of 3493019407?
23, 151870409
What are the prime factors of 786431716?
2, 7, 3169, 8863
List the prime factors of 24631467.
3, 7, 19, 8819
List the prime factors of 542345041.
7, 77477863
What are the prime factors of 274708028?
2, 7, 9811001
What are the prime factors of 111864622?
2, 55932311
List the prime factors of 54161470.
2, 5, 11, 492377
List the prime factors of 5326463123.
36643, 145361
What are the prime factors of 64464570?
2, 3, 5, 283, 2531
What are the prime factors of 38685335?
5, 13, 595159
What are the prime factors of 1593438870?
2, 3, 5, 1013, 52433
What are the prime factors of 125284131?
3, 7, 281, 337
What are the prime factors of 30625934?
2, 41, 373487
List the prime factors of 2836412213.
2836412213
List the prime factors of 55989048.
2, 3, 19, 199, 617
List the prime factors of 328118666.
2, 17, 9650549
What are the prime factors of 65606080?
2, 5, 205019
What are the prime factors of 1461253378?
2, 13, 103, 545651
What are the prime factors of 325814163?
3, 17, 197, 32429
List the prime factors of 607449795.
3, 5, 40496653
List the prime factors of 5193160352.
2, 67, 2422183
What are the prime factors of 348247594?
2, 174123797
What are the prime factors of 455972169?
3, 839, 181157
List the prime factors of 47283679.
1759, 26881
What are the prime factors of 515126535?
3, 5, 7, 11, 31, 14387
What are the prime factors of 35025280?
2, 5, 54727
List the prime factors of 80591657.
109, 739373
What are the prime factors of 30707763?
3, 17, 31, 19423
What are the prime factors of 97964185?
5, 11, 31, 57457
List the prime factors of 822956544.
2, 3, 59, 1009
List the prime factors of 555063699.
3, 41, 4512713
What are the prime factors of 12342971?
859, 14369
What are the prime factors of 23609204?
2, 59, 71, 1409
List the prime factors of 2117218939.
11, 8311, 23159
What are the prime factors of 1889515623?
3, 629838541
List the prime factors of 465730624.
2, 757, 9613
List the prime factors of 786344522.
2, 393172261
List the prime factors of 5254418795.
5, 29, 907, 39953
List the prime factors of 1077941710.
2, 5, 47, 127, 18059
What are the prime factors of 619669751?
523, 1184837
List the prime factors of 828939080.
2, 5, 53, 391009
List the prime factors of 24381501.
3, 67, 101, 1201
What are the prime factors of 718826086?
2, 11, 32673913
What are the prime factors of 241372835?
5, 11, 59, 74383
What are the prime factors of 368128802?
2, 184064401
What are the prime factors of 510821988?
2, 3, 42568499
What are the prime factors of 1273285622?
2, 7, 661, 137593
What are the prime factors of 1064675853?
3, 3917, 10067
What are the prime factors of 1065940537?
71, 15013247
List the prime factors of 288978913.
288978913
What are the prime factors of 201008287?
313, 642199
List the prime factors of 12588360.
2, 3, 5, 23, 4561
List the prime factors of 77787086.
2, 13, 41, 43, 1697
List the prime factors of 239368352.
2, 53, 113, 1249
List the prime factors of 41110751.
11, 179, 20879
What are the prime factors of 2311337898?
2, 3, 6221, 20641
What are the prime factors of 207862586?
2, 103931293
What are the prime factors of 1454868181?
13, 10531, 10627
List the prime factors of 253017720.
2, 3, 5, 702827
What are the prime factors of 256482133?
239, 1073147
List the prime factors of 15950946.
2, 3, 11, 127, 173
List the prime factors of 2235061506.
2, 3, 373, 998687
List the prime factors of 296975768.
2, 37121971
What are the prime factors of 1161604881?
3, 19, 43, 5851
What are the prime factors of 581748672?
2, 3, 41, 67, 1103
What are the prime factors of 937265578?
2, 13487, 34747
What are the prime factors of 152592759?
3, 11, 1541341
What are the prime factors of 460186210?
2, 5, 11, 29, 144259
List the prime factors of 33006071.
7, 1747, 2699
List the prime factors of 107686777.
11, 31, 61, 167
List the prime factors of 640717871.
8123, 78877
List the prime factors of 162903148.
2, 40725787
What are the prime factors of 951008532?
2, 3, 139, 281, 2029
What are the prime factors of 242950677?
3, 4357, 18587
List the prime factors of 1120325039.
127, 8821457
What are the prime factors of 3795789984?
2, 3, 7, 367, 15391
List the prime factors of 1932115006.
2, 966057503
List the prime factors of 2146360.
2, 5, 23, 2333
What are the prime factors of 162120088?
2, 13, 37, 42131
What are the prime factors of 1193234161?
7, 170462023
What are the prime factors of 2997568719?
3, 7877, 42283
What are the prime factors of 214628706?
2, 3, 17, 701401
List the prime factors of 15978089.
569, 28081
What are the prime factors of 986581586?
2, 103, 4789231
What are the prime factors of 43729617?
3, 14576539
What are the prime factors of 304001161?
304001161
List the prime factors of 40506120.
2, 3, 5, 37, 3041
List the prime factors of 2753456316.
2, 3, 13, 23, 211, 3637
List the prime factors of 3304877545.
5, 673, 982133
What are the prime factors of 254312467?
587, 433241
What are the prime factors of 48399640?
2, 5, 1097, 1103
List the prime factors of 153865652.
2, 157, 491, 499
What are the prime factors of 207630337?
7883, 26339
What are the prime factors of 20556623?
43, 193, 2477
List the prime factors of 2209998630.
2, 3, 5, 7, 113, 93131
List the prime factors of 286969087.
227, 1087, 1163
What are the prime factors of 87299929?
5737, 15217
List the prime factors of 2268166964.
2, 7, 81005963
What are the prime factors of 537212473?
7, 179, 428741
What are the prime factors of 383379007?
11, 677, 51481
What are the prime factors of 19167096?
2, 3, 13, 23, 2671
What are the prime factors of 1772506343?
17, 104265079
List the prime factors of 4345594850.
2, 5, 59, 1473083
List the prime factors of 76975225.
5, 3079009
What are the prime factors of 493638860?
2, 5, 11, 13, 17, 71
List the prime factors of 816961961.
37, 22080053
What are the prime factors of 1292600233?
337, 1583, 2423
List the prime factors of 121804575.
3, 5, 17, 83, 1151
What are the prime factors of 107204743?
53, 2022731
What are the prime factors of 31705016?
2, 7, 566161
List the prime factors of 96025419.
3, 7, 163, 1039
List the prime factors of 1145227483.
7069, 162007
What are the prime factors of 200791261?
11, 97, 227, 829
What are the prime factors of 1464926903?
11, 37, 281, 12809
What are the prime factors of 617774903?
37, 229, 72911
What are the prime factors of 317144186?
2, 158572093
List the prime factors of 1513096766.
2, 281, 2692343
List the prime factors of 1928780671.
41, 983, 47857
List the prime factors of 1592500820.
2, 5, 79625041
List the prime factors of 291441036.
2, 3, 107, 353, 643
What are the prime factors of 5298188044?
2, 1324547011
List the prime factors of 40670520.
2, 3, 5, 11, 2801
What are the prime factors of 472460404?
2, 13, 9085777
List the prime factors of 605539482.
2, 3, 181, 239, 2333
List the prime factors of 21200251.
2843, 7457
List the prime factors of 65166112.
2, 11, 185131
What are the prime factors of 1117082556?
2, 3, 41, 252277
List the prime factors of 70916807.
13, 5455139
List the prime factors of 490771.
490771
What are the prime factors of 3794948046?
2, 3, 17, 12401791
List the prime factors of 190885624.
2, 157, 379, 401
List the prime factors o